 = j + 2*j**2 + j**3 + 2 - s*j**3 + 4*j**3 + j**3. What is the units digit of t(-2)?
2
What is the hundreds digit of 26/39*902*-15*(-3)/6?
5
Suppose -2*q - 2*f = 2*q - 74092, -4*q = -2*f - 74116. What is the tens digit of q?
2
Suppose 2*j = 3*m + 117, j - 39 = -2*m - 3*m. What is the hundreds digit of 54299/42 - 45/j?
2
What is the thousands digit of (-1 - -57)*18/((-108)/(-4359)) - 1?
0
Let k = -11744 + 13508. What is the thousands digit of k?
1
Let p(z) be the third derivative of -17*z**4/12 - z**3 - 2*z**2 - 39*z. Suppose -2*v - 6 - 6 = 0. What is the units digit of p(v)?
8
Suppose 46725 = -18*w + 33*w. What is the units digit of w?
5
Let x = -27860 - -49973. What is the hundreds digit of x?
1
Suppose -2*w = 3*t - 8*t - 18352, 4*t - 9202 = -w. What is the hundreds digit of w?
1
Let z(a) = -2*a**3 - 164*a**2 - 51*a - 2503. What is the hundreds digit of z(-82)?
6
Let z(k) = 7*k - 23. Let d(y) = 4*y - 101 + 47 + 43. Let f(j) = -13*d(j) + 6*z(j). What is the units digit of f(-2)?
5
Suppose 0 = 21*v - 19*v - 5*f - 16, -4*v + 4*f + 20 = 0. Let z(q) = -3*q + 24*q - 1 - 3. What is the units digit of z(v)?
9
Let d = 63231 - 43736. What is the tens digit of d?
9
Let b(t) = t + 11. Let f(m) = 5. Let h(v) = 2*b(v) - 5*f(v). Let g be h(3). Suppose 331 - 49 = g*p. What is the tens digit of p?
9
Suppose -4*y + 4 = -4*l, 3*y - 6*y = -15. Suppose -4*u = -l*u + 5*u. Suppose 7 + 0 = -3*h + 5*j, -2*h + j = u. What is the units digit of h?
1
Let x = 1 - -3. Suppose g + 3*n - 354 = 0, 4*g - 1464 = x*n - 0*n. What is the tens digit of g?
6
Let j = 3 - 6. Let w be (j/6)/(4/264). What is the tens digit of w*(-1)/2*2?
3
Suppose -82*u = -83*u + 7, 2*f = 6*u + 41306. What is the tens digit of f?
7
Suppose 4*s - 10270 = -w, 5*s - 3*s + 10 = 0. Suppose c + w = 16*c. Suppose -3*o + c = 4*o. What is the tens digit of o?
9
Suppose -308945 = -26*b - 65*b. What is the hundreds digit of b?
3
Let t be (-2)/3*(-42)/4. Suppose o = t - 5. Suppose -184 = -o*v - 54. What is the units digit of v?
5
What is the tens digit of ((-28113)/4)/(261/(-406)*(-14)/(-12))?
7
What is the units digit of (1 + -8)*((-710861)/217 + 25)?
6
Let a be ((-1)/2)/(-1)*-6. Let o be (-2370)/(-6) + 0 + a. Suppose -5*c + 33 = -o. What is the units digit of c?
5
Suppose -8 = -35*v + 97. Suppose x + 2*g - 1212 = 0, -2*x + 2452 = -0*x - v*g. What is the tens digit of x?
2
Suppose -11*z + 19*z + 8 = 0. What is the hundreds digit of (-548)/4*(-2 + 0/z)?
2
Suppose -u = -5*d + 3004, -3*u = 5*d - 5*u - 3008. Let w = 1068 - d. What is the tens digit of w?
6
Suppose 45*s + 180397 = 524647. What is the hundreds digit of s?
6
Suppose 124838 = 8*i - 3*l, -5*i - 25*l = -26*l - 78022. What is the hundreds digit of i?
6
Let i(r) = -18*r - 21. Let a be i(-2). Suppose 4*t - w = 1779, 2*t + a*w = 17*w + 894. What is the units digit of t?
4
Let d(x) = -x**3 + 24*x**2 - 2*x + 69. Let r be d(24). What is the tens digit of (-18)/(-63) + 5160/r?
4
Suppose -66*g = -61*g - 20. Suppose g*u - 3*c = 3819, -15*c + 12*c - 2865 = -3*u. What is the tens digit of u?
5
Let r be ((-1755)/(-20))/13 + (-2)/(-8). Let k(m) = 15*m**2 - 9*m - 4. What is the hundreds digit of k(r)?
6
Suppose 5820 = 4*d - 10628. What is the thousands digit of d?
4
Let c(v) = v**3 + 18*v**2 - 45*v - 107. Let p be c(-20). What is the thousands digit of (4 + -3)*(-10052)/p?
1
Let n(b) = 4*b - 31. Let t be n(23). Suppose 519 + t = 5*o. What is the units digit of o?
6
Let n(t) be the first derivative of t**2/2 - 42*t - 19. Let u be n(14). What is the units digit of (-4*30/u)/((-20)/(-140))?
0
Let x = -1383 - -2291. Suppose x + 3292 = 8*s. Suppose -5*o + f = -s, 5*f - 87 = -o + 44. What is the units digit of o?
6
Let y = 117 - 115. Suppose -6*j = 2*k - y*j - 602, -2*j = -4*k + 1214. What is the hundreds digit of k?
3
Let s be 1/(-8) - ((-18116)/32 + -8). Suppose 111 = -q + 5*r + 374, 2*q + 2*r = s. What is the hundreds digit of q?
2
Suppose 96*n - 60894 = 1342914. What is the ten thousands digit of n?
1
Let n(x) = 25*x**2 + 401*x + 27. What is the hundreds digit of n(-27)?
4
Let h(a) = 3*a**2 - 8*a + 10. Suppose 16*m - 5*m = 165. What is the hundreds digit of h(m)?
5
What is the thousands digit of ((-18208)/24)/((-676)/132 - -5)?
6
Let o be (-6)/21 - ((-6094)/14 + -3). Let g = o - 294. What is the units digit of g?
4
Let o = -34 - -98. Suppose 7*p = -p + o. Suppose -h - 462 = -p*h. What is the tens digit of h?
6
Let o = 23505 + -8515. What is the tens digit of o?
9
Let c(l) = l**3 + l**2 + 2*l + 134. Suppose -4*i + 0*a = -4*a + 12, -2*a = 4*i + 6. Let p be ((0 + 0/(-1))/4)/i. What is the units digit of c(p)?
4
Let f(l) = 9*l**2 + 10*l + 96. Let w be f(-6). Let j = w - 69. What is the tens digit of j?
9
Let z = 612 + 2334. Let x = z + -2094. What is the hundreds digit of x?
8
Let a be (1 + (-33)/9)*(-12)/8. Let n be 6/a*(-6 - -12). Suppose f + n = 120. What is the hundreds digit of f?
1
Let i(z) = z**3 - 7*z**2 + 5*z - 5. Let q be 2 + 4*(-6)/(-8). Let d be i(q). Let r = 37 + d. What is the units digit of r?
7
Let d = -399 + 423. Let z(y) = 33*y + 86. What is the units digit of z(d)?
8
What is the units digit of (30 + -9)*2696/12?
8
Let b(z) = 752*z + 1883. What is the tens digit of b(5)?
4
Suppose -218*w + 222*w = 2*j + 183900, w + 3*j = 45968. What is the ten thousands digit of w?
4
What is the units digit of (31 + -12)*92030/95?
6
Suppose -13 = -t - 1. Suppose j + y = -1, -2*y - 10 = -3*j + t. What is the tens digit of j/(-1)*((-59)/2 + -1)?
2
Let g(w) = -w**2 + 3*w - 8. Let r be g(4). Suppose 3*j + 2*q + 1 = 17, -2*q = 5*j - 20. What is the tens digit of (-65)/(j/(r/3))?
3
Let u be 104/(-208)*(-2)/2*-16. Let y(h) be the first derivative of -4*h**2 - 5*h - 1. What is the tens digit of y(u)?
5
Suppose 5*g = -2*g + 3*g. Suppose -3*i = g, 3*t + i - 2224 = -t. What is the tens digit of t?
5
Suppose 16475 = -73*y + 98*y. What is the hundreds digit of y?
6
Let j = 525 - -191. Let n = j + -431. What is the tens digit of n?
8
Suppose 463*p = 541*p - 5182164. What is the tens digit of p?
3
Suppose 3*u - 33713 = -5*g - 2088, -u + 5*g = -10555. What is the hundreds digit of u?
5
Let n = 34 + -31. Let a be (n - 0)*20/(-3). What is the units digit of -1 + (-2630)/(-26) + a/130?
0
Let l(z) = -13*z**2 + 11*z + 28. Let i(g) = 11*g**2 - 10*g - 28. Let f(b) = 5*i(b) + 4*l(b). What is the units digit of f(-7)?
1
Suppose 158*g - 150*g = 3904. Let o = g - 335. What is the hundreds digit of o?
1
Suppose -3*i = 0, 10*j + 5*i + 36 = 7*j. What is the hundreds digit of (-78)/(-24) - 3 - 1377/j?
1
Let x(v) = -117*v**3 + 3*v**2 + 10*v - 39. What is the tens digit of x(-6)?
8
Suppose 3*j + 2194 - 261 = -4*q, 0 = q - 5. Let t = 123 - j. What is the hundreds digit of t?
7
What is the tens digit of (-45)/(-120) + (-252634)/(-16)?
9
Let w(z) be the third derivative of 17*z**6/120 - z**5/12 + z**4/4 + z**3/3 - 2*z**2 - 185*z. What is the hundreds digit of w(2)?
1
Let j = 278 + -149. Let q = j - 66. Let k = 120 - q. What is the tens digit of k?
5
What is the hundreds digit of (393566/(-76) + -4)*8/(-10)?
1
Let l = 75084 - 53451. What is the ten thousands digit of l?
2
Let w = -130 + 156. Suppose 2*v - 14 = 2*t, 0 = 5*v - 3*t - 7 - w. Suppose 0 = -v*p - 18 + 1086. What is the tens digit of p?
7
Suppose -3*z - 2*z = -25. Suppose o = 2*o - 1. What is the units digit of z*(o + (-4)/(-20))?
6
Suppose c - 5*u = 17, -4*c + 6*c = 2*u + 10. Suppose c*h - 1470 = -p - 599, -2*h = 4*p - 3508. What is the hundreds digit of p?
8
Let z(l) = -4*l + 65. Let p be z(15). What is the hundreds digit of 20/p + 0 - -329?
3
What is the ten thousands digit of (23730/25)/(3 - (-2783)/(-935))?
4
Let q = 5 - -23. Let j(u) = -u**2 + 31*u + 26. What is the hundreds digit of j(q)?
1
What is the units digit of (-1)/(-2)*-10 - (-444727)/41?
2
Suppose -10*g - 25596 = -194626. What is the units digit of g?
3
Let c = 30539 + -8195. What is the units digit of c?
4
Let r(p) = 2*p**2 - 2*p + 394 + p**2 - 378 - 13*p + p**3. What is the hundreds digit of r(8)?
6
Let z be 175 - (-3 - 20/(-4)). Suppose -539 = -3*j - 5*l, l + 0*l + 355 = 2*j. Suppose z*s - j*s = -670. What is the hundreds digit of s?
1
Suppose 119*h + 35*h - 10*h = 10649520. What is the units digit of h?
5
Let g = 447 - 429. What is the units digit of (90/24)/(g/3408)?
0
Let i(h)